ppose -2*g + 58 = -z, 0*g - 2*g + 3*z = -c. What is the greatest common factor of x and g?
30
Suppose 5*n = 12 - 27. Let q be n/((6/(-20))/(8 + 0)). What is the greatest common divisor of 10 and q?
10
Let k(d) = -13*d - 1. Let v be k(-1). Let a(y) = -3*y - 3. Let z be a(1). Let g = z + 30. Calculate the highest common factor of g and v.
12
Let p = -161 - -257. Calculate the greatest common factor of 32 and p.
32
Let s be (-4653)/(-165) - 3/15. Calculate the highest common divisor of s and 252.
28
Suppose 232 = 31*u + 108. Let j(i) = -i + 4. Let g be j(-4). Let q = g - -2. What is the greatest common factor of q and u?
2
Let f(x) = x - 7. Let s be f(5). Let g(h) = -5 - 42*h - 6*h + 4 + 4. Let i be g(s). What is the highest common factor of 11 and i?
11
Suppose 4*p - 10 = 2*m, 2*p + 4*m = -33 + 13. Suppose p*n = -4*n + 72. Let x = 63 - n. Calculate the greatest common factor of x and 9.
9
Let v = 2 + -2. Let j be 3*7 + (v - 1). Let p be 144/16 + (3 - 7). What is the highest common factor of j and p?
5
Let p = -12 - -14. Suppose -5*i + 4*u = 10, p*i - 3*u + 16 = u. Let j(g) = 4*g - 6. Let c be j(4). Calculate the greatest common divisor of i and c.
2
Let h = 217 + -166. What is the highest common factor of h and 68?
17
Suppose 0*i = -5*i - 40. Let u(x) = -39*x - 9. Let k(d) = d. Let r(g) = 9*k(g) + u(g). Let m be r(i). Calculate the greatest common factor of m and 21.
21
Let w(n) = 82*n - 30. Let x be w(-6). Let g be x/(-7) - 1*(-12)/28. Calculate the highest common factor of g and 30.
15
Let q = 45 + -12. Let p = -45 + 48. Suppose 7 - 1 = -3*g, -3*g = -p*o + 72. What is the highest common factor of q and o?
11
Suppose 3*g + 3*a = 5*g + 43, g + 18 = -2*a. Let x = 55 + g. Let s = 32 - 27. Calculate the highest common factor of x and s.
5
Suppose 0 = -3*b + k + k + 10, -15 = -b + 3*k. Let s be 57 - (-1 - (2 + b)). Let h be 12/((-10)/4 - -3). What is the highest common factor of h and s?
12
Let b = 86 + -19. Let m = -17 - -20. Suppose -4*s = 8, -115 = -m*q - 5*s + b. What is the greatest common divisor of q and 16?
16
Let u be 0/3 + (-693)/(-9). Calculate the greatest common factor of u and 55.
11
Let j(l) = 22*l + 2. Let i be j(-3). Let w = -4 - i. Suppose t + 8 = 23. What is the greatest common factor of w and t?
15
Let f(b) = -4*b**2 + 74*b - 331. Let m be f(8). Let d be (-40)/(-1*1/1). Calculate the highest common divisor of m and d.
5
Let p be (-27 + 1)*(5 + (-12)/4). Let r = -47 - p. Let z be (1/2)/((-2)/(-100)). What is the greatest common divisor of r and z?
5
Let d be 0/1 - -109 - (-9 + 4). What is the highest common divisor of d and 1938?
114
Suppose -5*n - 496 + 1347 = -4*i, 0 = -3*n - 4*i + 485. Let k = n + -132. Calculate the highest common divisor of k and 10.
5
Let v = -71 + 78. Suppose -v*g + 40 = g. What is the greatest common factor of g and 5?
5
Suppose 9 = 5*y - 36. Let a = y + 17. What is the highest common divisor of 52 and a?
26
Let s be 678/21 - (-10)/(-35) - 6. What is the greatest common factor of 559 and s?
13
Suppose -8*h - 8 = -9*h. Calculate the highest common divisor of 44 and h.
4
Suppose q + 3*m - 10 = 0, 13*q = 16*q + 3*m - 36. Calculate the greatest common divisor of q and 2522.
13
Suppose -524 = -11*o - 18. What is the greatest common divisor of 184 and o?
46
Let w(n) = 10*n**2 - n - 1. Let j(h) = -h**3 - h**2 + 17. Let l be j(0). Let k = -18 + l. Let f be w(k). Calculate the highest common divisor of f and 80.
10
Suppose -10*y = -255 + 165. What is the highest common factor of 243 and y?
9
Suppose 0 = -2*d - 0 + 6. Suppose -z + 912 = d*z. What is the highest common divisor of z and 12?
12
Let d be 20/9 + 6/(-27). What is the highest common divisor of 2 and d?
2
Let i(f) = -11*f + 143. Let w be i(9). What is the highest common factor of 8 and w?
4
Let m be (-3 + (-7)/(49/129))/((-2)/14). Let g(c) = c + 50. Let v be g(0). Calculate the greatest common factor of m and v.
50
Let u(g) = -4*g**2 - 2*g - 2. Let s be u(-1). Let o be (97 - (2 + s)) + -3. What is the greatest common factor of 64 and o?
32
Suppose 4*h + 7 = 5*h. Let f be (-2)/h - (-72)/7. What is the highest common divisor of f and 4?
2
Let p = 24 - -88. Let n = -90 + 93. Suppose 5*m = -5*r + 60, m + 3*m - n*r = 76. What is the highest common factor of p and m?
16
Let t(p) = -46*p + 431. Let o be t(9). Let s = 47 + -24. Let j = s + 113. Calculate the highest common divisor of o and j.
17
Suppose 37 + 29 = 11*k. Calculate the greatest common factor of k and 192.
6
Let n(j) = 9*j**2 + j + 2. Let z be n(2). Let i(y) = -2*y**3 + 23*y**2 - 11*y + 16. Let t be i(11). What is the greatest common divisor of t and z?
8
Let f be 0 - ((-6)/(-10) + (-12)/20). Let l(u) = -2*u + 48. Let y be l(f). Calculate the greatest common divisor of y and 12.
12
Suppose -6*f + f = -5*w, 0 = 5*w + 3*f - 16. Suppose b - 72 = -w*b. Let o(j) = j - 6. Let s be o(9). Calculate the greatest common divisor of s and b.
3
Let d(p) = -15*p**2 - 1. Let q be (-1 + 0)*(6 - 5). Let c be d(q). Let s = c + 43. What is the greatest common factor of s and 9?
9
Let g(y) = 31*y**3 - y**2 - 3*y - 3. Let o be g(-3). Let j be (o/45)/((-2)/3). Calculate the greatest common divisor of 4 and j.
4
Suppose -2*g + z - 151 = -14, -3*z = 4*g + 259. Let v = -63 - g. Calculate the greatest common divisor of 44 and v.
4
Suppose -2*z - 36 = 2*z. Let k = 26 + z. Calculate the greatest common divisor of 17 and k.
17
Let v = 121 + -75. Suppose 0 = 4*n - v - 130. Suppose -3*z = -t - 68, 2*z + 3*t - 16 = n. Calculate the greatest common divisor of z and 24.
24
Suppose -5*p + 6*p = 69. Suppose v + p - 248 = -3*f, -2*v + 178 = 3*f. Suppose -2*o + 96 = 2*o. What is the highest common factor of o and f?
12
Suppose 4*m = 2*z - 16, 6*m - 47 = -5*z + 9*m. Suppose 2*p + 4*l = 92, 2*p + l = 2*l + 102. What is the highest common divisor of z and p?
10
Let t(j) = -j**3 + j**2 + 5*j - 4. Let a be t(3). Let l be ((-300)/42)/(1/a). Suppose 3*g - l = 52. Calculate the greatest common divisor of g and 17.
17
Let k(g) = g + 15. Let v be k(-12). Suppose -4*a = y - 391, -6*a + v*a = -4*y - 317. Calculate the greatest common factor of a and 66.
33
Let m = 11 + -7. Let a = 5865 - 5833. What is the greatest common divisor of m and a?
4
Let w = -14 - -30. Let l = w + -13. Suppose 164 = l*v - 5*n, -5*v - n + 330 = 2*n. Calculate the greatest common divisor of 7 and v.
7
Let f be ((-33)/22)/(3/(-88)). Let y = 98 - f. Calculate the highest common factor of 81 and y.
27
Let p be ((-108)/30)/(-6) - (-344)/10. Calculate the highest common divisor of 7 and p.
7
Suppose a + 3*o = 31, 3*o + 34 = 5*a - 211. Suppose -4*s + a = 10. Calculate the greatest common divisor of 81 and s.
9
Let h = -8 - -10. Suppose 5*b - h*b = 204. Let l = 131 - b. Calculate the highest common factor of l and 21.
21
Let n(s) = 2*s + 14. Let g be n(-2). What is the highest common divisor of 90 and g?
10
Suppose -8 = s - q + 5*q, s + 5*q + 8 = 0. Let b be (-15)/(s/(-20) - 1). What is the highest common factor of b and 225?
25
Let t = 13 + 33. Suppose 0*k + 3*k = -2*u - 9, -3*u - 5*k - 16 = 0. Suppose y - 3*f = 121, 6*y - 343 = u*y - f. What is the highest common factor of t and y?
23
Suppose -125 - 295 = -6*n. Suppose -3 = -3*s - a - n, -16 = 4*a. Let v = s + 23. What is the highest common divisor of v and 2?
2
Let q(r) = r**3 + 6*r**2 - 4. Let v be q(-5). What is the highest common divisor of 28 and v?
7
Let x be (6/(-8))/((-6)/176). Suppose -x + 50 = r. Calculate the highest common factor of 8 and r.
4
Suppose -44 = 4*r + 5*t, t + 0*t - 2 = r. Let s be r/8*6*20/(-3). Calculate the greatest common factor of s and 300.
30
Let t(p) = -59*p - 21. Let j be t(17). Let y be (-1)/5 + (-6 - j/20). What is the greatest common divisor of 15 and y?
15
Let l = -12 + 17. Suppose -a - 56 = -l*a. Let g be 0 - (-7)/(a/32). Calculate the highest common factor of 144 and g.
16
Suppose -129 + 1 = -2*m. Suppose 0*o + m = 2*o. Let j = 131 - 51. Calculate the greatest common divisor of j and o.
16
Let y = 744 + -51. What is the highest common divisor of 9 and y?
9
Let u = 159 - 174. Let l(s) = -2*s - 14. Let a be l(u). What is the greatest common factor of 8 and a?
8
Let i(m) = 18*m**2 + 40*m - 77. Let l be i(2). Calculate the greatest common divisor of l and 255.
15
Let r(t) = -t**3 - 3*t**2 + 5*